y(t).
-3
Let o(m) = -9*m**2 + 2*m - 4. Let r(n) = 3*n - 1. Let w(i) = o(i) - r(i). What is w(-2)?
-37
Let x(h) = -h**3 + 5*h**2 + 3*h - 6. Let w(p) = 2*p**2 - 14*p + 20. Let a be w(8). Let u = -31 + a. Determine x(u).
9
Let a(o) = 5*o**3 + 5*o - 1. Let c(x) = x**3 - x**2 + x - 1. Let r = 39 - 38. Let h(s) = r*a(s) - 3*c(s). What is h(-2)?
-6
Let p(d) = -d**3 + 5*d**2 - 4*d - 5. Let y = 23 - 3. Suppose 2*r - 14 = g, r - y = -2*r + 2*g. Suppose 2*j + 0*j = r. What is p(j)?
-5
Let s(j) = 0*j**3 - 1 - j**2 - 6*j + 5*j - 5*j**3. Let u(g) = -g**3 - 7*g**2 - 5*g + 7. Let k be u(-6). Suppose -4 + k = 3*y. Give s(y).
4
Let u(i) = -i + 2. Let z(r) = 1. Let k(v) = u(v) - z(v). What is k(5)?
-4
Let i(m) = -3*m**2 + 13*m + 21. Let f(q) = 2*q**2 - q + 1. Let y(n) = 2*f(n) + i(n). Give y(-9).
5
Let q(g) = -g**3 + g. Let w(b) = 7*b**3 - 7*b**2 - 14*b - 4. Let j(c) = -6*q(c) - w(c). Suppose 3*h - t - 21 = 0, -4*h = 20*t - 24*t - 20. Give j(h).
4
Let n(m) = -2*m + 0*m - 4*m**2 - m**3 + 4 - 3. Let v be (-186)/(-30) - (-1)/(-5). Suppose -v*w - 9 = -3*w. What is n(w)?
-2
Let a(n) = -n**3 + 14*n**2 + 2*n - 20. Let f be 7/2*(-328)/(-82). Calculate a(f).
8
Let s(b) = -4 + 9*b**2 + 3 - 2*b**2 - 3*b**2 + b. Let q(u) = -5 + 13*u**2 + 3*u + 4 - 2. Let w(c) = -2*q(c) + 7*s(c). Calculate w(1).
2
Let m(a) = -a**2 + 14*a + 1. Let i be m(13). Let h be (-30)/(-4)*(-2)/(-3). Suppose -h*r - g + 3 = -8, -2*r - i = 5*g. Let b(q) = -q - 2. Calculate b(r).
-5
Let y(z) = 11*z + 4 + 13*z**2 + 13*z**2 + 9*z**2 - 34*z**2. Determine y(-10).
-6
Let i(k) be the second derivative of k**4/12 + 7*k**3/6 - 7*k**2/2 + 2*k. Suppose 195*w + 630 = 105*w. Give i(w).
-7
Let n be 6/(-9) + 44/12. Let g(v) = 3*v - 1. Let m be g(n). Let i(q) = -11*q**2 + q**3 - 2*q + q + m*q**2. Determine i(3).
-3
Let w(c) = 2*c**2 - 5*c + 4. Suppose -7*h = 5 - 26. What is w(h)?
7
Let k = -96 + 89. Let w(o) = 2*o + 17. Give w(k).
3
Let y(b) = 32*b - 9*b**2 + 4*b**2 + 5 - 7*b - 5*b**2. Let t(j) be the first derivative of j**3 - 4*j**2 - 2*j + 1. Let g(q) = 7*t(q) + 2*y(q). Give g(6).
-4
Let v = 181 - 116. Suppose -v = 23*o - 10*o. Let u(n) = n**2 - 1. Let s(b) = -5*b**2 + 5*b + 11. Let j(t) = s(t) + 6*u(t). Give j(o).
5
Suppose -5*m = p + 2 + 6, -18 = -4*p + 5*m. Suppose 9 = p*r - 2*l + 23, 0 = 4*r - 2*l + 22. Let i(n) = -n**3 - 4*n**2 + 4. What is i(r)?
4
Let m(n) = n**3 + 7*n**2 + 4. Let p be (2 + 2)/(-8)*(19 - 5). Determine m(p).
4
Let p(v) = 6 + 0*v**2 + 2*v**2 + 3*v + 3*v. Let b be (3 + -8 + 5)/2 - 4. Determine p(b).
14
Let k(c) be the second derivative of c**5/20 - c**4/12 + c**3/6 - c - 8. Let g(a) = -3*a**3 - 2*a**2 - 8*a - 6. Let i(b) = g(b) + 4*k(b). What is i(7)?
15
Let f(a) = 5*a**3 - 11*a - 5. Let n(j) = 14*j**3 - j**2 - 32*j - 14. Let c(o) = -17*f(o) + 6*n(o). Suppose 33*y - 927 = -1092. Determine c(y).
1
Let y = 8 + -4. Let x(r) = r**2 - 4*r + y*r**2 + r**3 + 3 - 5 + 5*r. Determine x(-5).
-7
Let j(o) = -3*o**3 + 4*o**2 + 3 + 3 - 3*o + 4*o**3. Suppose 15 = -2*w + 25. Suppose -4*z = 3*g + 8, -3*g + 13 = -w*z - 6*g. Determine j(z).
-4
Suppose 0 = 4*m + z + 4*z + 7, -2*m - 4*z - 8 = 0. Let u(d) = -d**2 - 3 - 9*d**2 - 11*d**2 + 19*d**2 - m*d. Calculate u(-2).
-7
Let z(a) = a**3 - 3*a**2 + 4*a. Let t be z(3). Let h = -9 + t. Let u(k) be the second derivative of -k**3/6 - k**2 - 2*k. Determine u(h).
-5
Let w = 525 + -524. Let v(p) = 4*p**3 - 2*p**2 + 2*p - 1. What is v(w)?
3
Let y be (-2)/11 + (-2 - (-155)/(-55)). Let a(w) = -w**2 - 3*w. What is a(y)?
-10
Let a be (-90)/150*10/(0 + 2). Let s(f) = -f + 1 - 2 + 0. Determine s(a).
2
Let h(u) = 5*u**2 - 3*u. Let a(z) = z**2 - z. Let g(v) = -6*a(v) + h(v). Give g(2).
2
Let g(v) = 12*v**3 + v**2 - 1. Let c be (-1)/(3 - (-6 - -10)). Calculate g(c).
12
Let t(d) = -d**3 - 5*d**2 - 2*d - 3. Let q = 116 - 62. Let y = 50 - q. Give t(y).
-11
Let y(h) = -h + 7. Let q be (0 + 1)/((-1)/(-5)). Let p = q - -4. Let a be y(p). Let r(o) = 3*o + 1. Calculate r(a).
-5
Let s(v) = v**2 + 12*v - 22. Let i be s(-14). Suppose 5*d + 5 = i*d. Let p(a) = -a**2 + 4*a - 4. Determine p(d).
-9
Let a(v) be the third derivative of v**4/12 + v**3/3 + 5*v**2. Let u = 425 - 419. Calculate a(u).
14
Let o(a) be the third derivative of -a**7/2520 - a**6/720 + a**5/60 - 13*a**4/24 + 13*a**2. Let s(c) be the second derivative of o(c). What is s(-5)?
-18
Let u(k) be the third derivative of k**6/120 - 5*k**4/24 - k**3/6 + 6*k**2 + 2*k. Calculate u(-4).
-45
Let f(q) = 11*q**3 + q - 1. Let r be 5/2*-2*6/(-30). Calculate f(r).
11
Let g be ((-4)/8)/(1/(-8)). Let f(l) be the first derivative of -l**2 + 8*l**2 + 7 + 6*l - 3*l**2 - 5*l**2. Calculate f(g).
-2
Let s(f) be the first derivative of 5*f**2/2 + 28*f + 234. Calculate s(-6).
-2
Suppose 4 = 6*y - 8. Let z(v) = -45*v + 48*v - 1 - 4*v**y + 5*v**2. Suppose -2*d = -3*o - 2*o + 3, 2*d - 2*o = -6. Give z(d).
3
Let t(k) be the third derivative of k**4/4 - k**3/6 + 4*k**2 + 25. Let a be 8/3 - 2/3. Suppose -a = -3*w - 5. Calculate t(w).
-7
Let a(z) = -48*z**2 + 5*z - 35. Let r(p) = -17*p**2 + 2*p - 12. Let f(u) = -6*a(u) + 17*r(u). Calculate f(5).
1
Let r(c) = 7*c**2 - 18*c + 4. Let t(h) = 11*h**2 - 28*h + 6. Let i(v) = 8*r(v) - 5*t(v). Give i(3).
-1
Let d(j) = j**2 - 10*j - 4. Let s be -5 - -5 - 6/3. Let x(v) = -6*v**2 + 51*v + 20. Let h(m) = s*x(m) - 11*d(m). Give h(-6).
-8
Suppose 0 = -i + x - 2 - 34, -4*i - 5*x = 144. Let r = i + 40. Let a(w) = -2*w + 5. Give a(r).
-3
Let c(m) = -3*m + 9. Let s = -10 + 15. Let g be c(s). Let n(o) = -o**3 + 6*o - 4 - 7*o - 6*o**2 + o. Calculate n(g).
-4
Let h = 20 - 15. Suppose h*x - 10 = -0*x. Suppose i + x*i + 12 = 0. Let n(o) = 2*o**2 + 5*o + 2. Give n(i).
14
Let a = -63 + 66. Suppose a*g - 12 = 0, 17 + 13 = 2*c + 5*g. Let z(d) = d**3 - 5*d**2 + 3*d - 4. Calculate z(c).
11
Let t(y) = 18. Let k(w) = -w + 17. Let v(x) = -4*k(x) + 3*t(x). Calculate v(-8).
-46
Suppose 0*o = -6*o - 24. Let h be -1 + (-9)/3 + (o - -2). Let i(x) = -x**2 - 6*x + 6. Give i(h).
6
Let c(r) = -r**3 + 8*r**2 + 8*r + 2. Let j be c(9). Let x(z) = 6*z + 10. Give x(j).
-32
Suppose l - 26*l - 125 = 0. Let c(d) = -2*d. What is c(l)?
10
Let f(i) be the third derivative of -i**4/24 - i**3/6 - 153*i**2. Determine f(7).
-8
Let h(l) be the first derivative of -l**4/4 + 2*l**3/3 - l**2 + l + 5. Let x = 20 - 14. Let k be ((-6)/9)/((-4)/x). Give h(k).
0
Let v(t) = -t**3 + t**2 + 5*t - 10. Let q be v(3). Let g(a) = -a**2 - 15*a - 10. What is g(q)?
16
Let z(h) = h**3 - 5*h**2 + 7*h + 4. Let g(j) = 3*j**3 - 11*j**2 + 14*j + 7. Let b be ((80/25)/(-4))/((-4)/10). Let i(n) = b*g(n) - 5*z(n). Give i(-4).
6
Let h be ((-36)/45)/(3/(-30)). Suppose 0 = 4*r + 3*l + 17, -4*l + 3*l = 2*r + 7. Let q be 12*(r - (-20)/h). Let x(z) = z - 14. What is x(q)?
-8
Let k = -1214 - -1207. Let o(y) = -y - 7. Determine o(k).
0
Let y(h) be the first derivative of h**3/3 + 5*h**2 - 9*h - 161. Give y(-10).
-9
Let h(p) = -5*p - 4. Let k(q) = 3. Let r(i) = -h(i) - k(i). Determine r(-4).
-19
Let t(i) = -4*i + 1. Let d(s) be the third derivative of s**5/60 - 3*s**4/8 + 7*s**3/6 - 3*s**2. Let k be d(8). Determine t(k).
5
Let k(d) = -3*d + 26. Let y(n) = -7*n + 53. Let s(g) = -5*k(g) + 2*y(g). Give s(12).
-12
Suppose -5*j + 5 = -5*o, -2*o + 4*j + 0*j - 12 = 0. Let a(s) = -s**2 - s + 2. Let r(d) = -d**2 - 2*d + 3. Let n(q) = -5*a(q) + 4*r(q). Calculate n(o).
6
Suppose -7*z + 2*z + 2*q - 2 = 0, q - 1 = -4*z. Let v(n) = n**3 - n + 1. Let l be v(z). Let c(y) = 6*y**2 + y. What is c(l)?
7
Let s(n) = 105*n - n**2 - 115*n + 0 + 1. Give s(-10).
1
Let b(p) be the second derivative of -p**4/4 + p**2/2 - 326*p. Determine b(1).
-2
Let x(n) = -6*n**2 - n - 3. Let r(q) = q**2 + q - 1. Let c(l) = -2*r(l) - x(l). Let f(i) be the first derivative of c(i). Calculate f(-1).
-9
Let m = 15 + -8. Let d(a) = -a**3 + 7*a**3 - m*a**3 + 7 + 7*a**2. Determine d(7).
7
Let z(m) = 16*m**2 - 86 + m**3 + m + 16*m**2 + 14*m**2 - 42*m**2 + 90. Give z(-3).
10
Let i = -13 - -3. Let m be 12/(-2)*(-9 - i). Let p(o) be the third derivative of -o**4/24 - 4*o**3/3 - 2*o**2. Determine p(m).
-2
Let m(q) be the first derivative of q**3/3 - 7*q**2/2 - 2*q + 280. Calculate m(5).
-12
Let n(v) = -4*v + 7. Let y = -26 + 31. Let t(s) = 5*s - 8. Let r(q) = y*t(q) + 6*n(q). Let p = -6 - -4. What is r(p)?
0
Let f(g) = -17*g - 4. Let m be f(1). Let y be m/